 66?
11
Suppose 5*u - f - 489 = u, 2*u = -2*f + 232. Suppose -7*o + 3*o + 4*d = 20, 4*d + 52 = -5*o. Let x = o + 19. What is the greatest common factor of x and u?
11
Let s(t) be the second derivative of 17*t**3/3 + t**2/2 + 3*t. Let g be s(1). Let l = -12 + 19. What is the highest common factor of l and g?
7
Suppose 4 = -t, 4*l + 0*t + t - 20 = 0. Suppose p = 3*z, -2*z = p - 4 - l. Suppose -4*o = 2 - p. What is the highest common divisor of o and 11?
1
Suppose 13 = 5*h - 87. What is the highest common divisor of 8 and h?
4
Let f(c) = 7*c**2 - c - c**2 - 2*c + 6*c**2 - 3. Let s be f(-2). Suppose -n = -0*n - 4, -4*b + 2*n = -60. What is the greatest common divisor of b and s?
17
Let w(l) be the second derivative of 7*l**3/2 + 7*l**2/2 + 2*l. Let r be w(-5). Let b = 162 + r. Calculate the greatest common divisor of 8 and b.
8
Let l = 8 + 13. Let g = 7 - 4. Let m = g + 0. What is the highest common factor of l and m?
3
Let h(s) = 11*s**3 + s + 2. Let m be h(2). What is the highest common divisor of m and 23?
23
Suppose 0 = w + 5*k + 13 - 2, -3*w + 24 = -4*k. Suppose 0*r - w*z = -2*r + 162, -5*z - 248 = -3*r. What is the highest common divisor of r and 13?
13
Let o(s) = 5*s - 2. Suppose 0 = -0*h + 4*h + 4*f, 2*h - 2*f - 8 = 0. Let l be o(h). Calculate the highest common divisor of l and 2.
2
Let i(h) = h**2 + 5*h - 6. Let z be i(-10). Calculate the highest common divisor of z and 11.
11
Let n = 4 - 3. Let r be ((-52)/12)/(n/(-12)). Suppose -3*o + r = -38. Calculate the greatest common divisor of 12 and o.
6
Let b(s) = -s + 12. Let g be b(0). Suppose 5*d = -0*w + w + 23, -4*d + 2*w + 22 = 0. What is the greatest common factor of d and g?
4
Let d(r) = r**3 - 5*r**2 - 6*r + 5. Let j be d(6). Suppose -10 = -f + 2*w - 4*w, -10 = j*f - 5*w. Calculate the highest common factor of f and 3.
1
Let b be (-6)/(-3) + -2 - -81. Let q be b/(-6)*2/(-3). Calculate the greatest common divisor of 18 and q.
9
Let o(f) = -f. Let i be o(-2). Let a be (i - 4) + 1*2. Suppose a = 2*t - 2*q - 138, t + 5*q = -t + 110. What is the highest common divisor of t and 26?
13
Let n be (6/(-15) + 1)*5. Suppose -9 = -n*a + 36. What is the greatest common factor of 60 and a?
15
Let y = 9 + 23. Suppose 3*k - 40 = -0*h - 5*h, -4*k = -4*h - 32. Suppose u + 2 = k. Calculate the greatest common factor of u and y.
8
Suppose 0 = -4*o - 20 - 0, 2*o + 175 = s. Let c = -31 - -64. What is the highest common factor of c and s?
33
Let f = -49 + 91. Calculate the highest common factor of 462 and f.
42
Let z = 84 + -30. Calculate the highest common factor of z and 27.
27
Let n be 1*3 + -35 + -9. Let v = -18 - n. What is the highest common factor of v and 46?
23
Suppose -39 = -3*i + 3*h, -3*h + h + 4 = 0. Calculate the greatest common factor of 10 and i.
5
Let b be (1/3)/(1/6). Suppose 6*l = l - 2*j - 10, 0 = -b*j. Let z be 7 + l*(-1)/(-2). What is the highest common divisor of z and 6?
6
Let x = 132 - 30. What is the highest common factor of x and 34?
34
Suppose -2*r = -5*r + 528. Let y = r + -113. Suppose -3*a + 1 = 5*u, 8 = 3*a - 3*u - 25. What is the highest common divisor of a and y?
7
Let w(n) = -n**3 - 7*n**2 - 8*n - 9. Let a be w(-6). Suppose 5*c + 2*d - 60 = 0, c = a*c + 3*d - 13. Calculate the highest common divisor of 21 and c.
7
Suppose 0 = -7*x + 12 + 9. What is the greatest common divisor of x and 27?
3
Let v = 10 - 6. Let j(u) = u - 5. Let i be j(6). Let q = 7 - i. What is the highest common divisor of v and q?
2
Suppose 2*f - 32 = -0. Suppose -9*r + 199 = -377. Calculate the greatest common factor of r and f.
16
Suppose 0 = -2*o - 13 + 73. Let s be 246/10 - 18/o. What is the highest common factor of 6 and s?
6
Let p(t) = t**2 + 2. Let k be p(3). What is the greatest common factor of k and 11?
11
Let b(g) = -12*g**3 - g**2 - 1. Let k be b(-1). Calculate the greatest common factor of 25 and k.
5
Suppose -3*d - i - 2*i + 210 = 0, 135 = 2*d - 3*i. Calculate the greatest common divisor of d and 23.
23
Suppose 3*k - 4 = -k. Suppose 1 = -2*j + 3. What is the greatest common factor of k and j?
1
Suppose r - 79 = -w, -3*w = -2*r + 4 + 164. Suppose 0 = 5*v - r - 179. Calculate the greatest common factor of v and 13.
13
Suppose -3*y = 8*c - 3*c - 136, 0 = -y - 5*c + 42. What is the highest common divisor of 47 and y?
47
Suppose 2*r - 57 = 3. Let c be (21/14)/(2/20). Calculate the greatest common divisor of c and r.
15
Let p(o) = -o**3 + 4*o**2 - 3*o + 3. Let z be p(3). Suppose -5*j = 4*w - 440, 6 - 270 = -z*j - w. What is the greatest common factor of j and 11?
11
Let v(x) = -x**3 + 4*x**2 - 2*x - 1. Let j be v(3). Let z be (3 - j)/2*10. What is the greatest common factor of z and 1?
1
Let m(d) = 5*d**2 + d. Let p be m(-1). What is the greatest common factor of 28 and p?
4
Let z(o) = -2*o**2 - 1 - o + o + 10*o**2. Suppose -2*d - 4*b - 2 + 16 = 0, d - 5*b + 14 = 0. Let t be z(d). Calculate the highest common divisor of t and 1.
1
Let a(j) = -j**3 + 7*j**2 - 8*j + 15. Let k be a(6). Suppose -7 = -r - k. Suppose 0 = 2*g - g - 2. Calculate the highest common factor of g and r.
2
Let l(q) = q**2 + 2*q + 9. Let w be l(0). What is the greatest common factor of 9 and w?
9
Let w = 32 - 11. Let k = -85 + 99. Calculate the highest common factor of k and w.
7
Suppose t + 2*v - 7 = 7, t = 2*v + 10. What is the highest common factor of 30 and t?
6
Suppose 3*h = w - 1, 0 = 4*w + h - 0 + 9. Let y be 2/(-4) + 3/w. Let n be (11 - (y + 2))/1. What is the highest common divisor of n and 1?
1
Let c = 9 - 3. Suppose c*p - 69 = -3*o + 5*p, 3*o = -4*p + 78. Let n be 12090/50 + 2/10. Calculate the highest common factor of o and n.
22
Suppose 132 = 4*g - 56. Suppose -3*r - 17 = -g. What is the highest common divisor of 80 and r?
10
Suppose 4*u - 4 = 2*b, u + b - 6 = -u. What is the highest common factor of 3 and u?
1
Let k be (-8)/(-20) - 2/5. Suppose -2*i + 5*i - 462 = k. What is the greatest common factor of i and 22?
22
Let s be -1*(-5 + -2 + 2). Let v be (-2)/s*(-342 + 2). Let i = 53 - 36. What is the highest common factor of i and v?
17
Suppose r + 0 = 2. Let u be 1/4 - ((-110)/8)/1. What is the highest common factor of r and u?
2
Let r(v) = 4*v**2 + 7*v - 4. Let w be r(4). What is the greatest common divisor of 22 and w?
22
Suppose -2*d = -7*l + 4*l - 14, 0 = -4*l + 2*d - 16. Let z = l - -4. Let g be 2*(1 - -2 - 2). What is the greatest common divisor of g and z?
2
Let q(d) = -d + 6. Let c be q(-8). What is the highest common factor of c and 2?
2
Suppose 0*c - 54 = -2*a - 4*c, -a - 4*c = -21. Calculate the greatest common divisor of 22 and a.
11
Let d = -58 - -142. What is the greatest common factor of d and 21?
21
Let f(l) = -l + 4. Suppose 3*d - 29 + 2 = 0. Let i = 1 - d. Let z be f(i). Calculate the highest common factor of z and 48.
12
Let a be (-2)/(-10) + 2145/25. Suppose -j - 2*j - 104 = -5*p, a = 4*p - j. Calculate the greatest common factor of p and 2.
2
Let p be (-141)/(-6) + 5/30*-3. Calculate the greatest common divisor of 46 and p.
23
Suppose 8 = -5*o + 18. Suppose -o*l + 5*l = 63. Calculate the highest common factor of 7 and l.
7
Let a(w) = w**2 + 7*w - 14. Let p be a(9). What is the greatest common divisor of 13 and p?
13
Let l be (-252)/(-16) - (-2)/8. Calculate the greatest common factor of 32 and l.
16
Let b = -20 + 36. What is the greatest common factor of 128 and b?
16
Let s be (1*96)/4 - -4. What is the greatest common factor of 70 and s?
14
Let h(c) = 16*c - 48. Let z be h(4). What is the highest common divisor of z and 8?
8
Suppose -3*c + 4 + 32 = 0. Let j be 229/3 + 8/c. What is the greatest common factor of 11 and j?
11
Let h(s) be the first derivative of s**4/2 - 8*s**3/3 + 9*s**2/2 - 2. Let w be h(4). What is the highest common factor of w and 54?
18
Let k be (-3)/9*0 + 2. Suppose 5*g - 45 = k*g. What is the greatest common divisor of g and 30?
15
Suppose -69 = -5*b - 19. Calculate the highest common factor of b and 70.
10
Suppose 2*h - 9 = h. Suppose -10*q + 6*q + 72 = 0. Calculate the highest common divisor of h and q.
9
Suppose 1 = -x + 4*z, 4*x - 5 = 2*x + z. Calculate the greatest common factor of x and 27.
3
Suppose 0 = 5*n - 8*p + 3*p - 110, 5*p - 115 = -4*n. Let d be 2/(-9) - ((-644)/(-9))/(-7). What is the highest common factor of d and n?
5
Let v(k) = 13*k - 21. Let t be v(